-96).
-18
Let r(f) = 3*f**3 - 991*f**2 + 1344*f - 8969. Calculate r(329).
243
Let q(w) = 121*w**2 + 100*w + 79. Give q(-1).
100
Let j(x) = 5*x**3 + 302*x**2 - 180*x + 176. Determine j(-61).
-7
Let p(h) = 242*h + 7854. Determine p(-34).
-374
Let i(a) = -a**3 - 22*a**2 + 17*a + 43. Determine i(-22).
-331
Let f(i) = -8735*i - 690051. Give f(-79).
14
Let h(q) = -10*q**2 - 17*q - 256. Determine h(-9).
-913
Let t(y) = 33931*y + 33930. Give t(-1).
-1
Let g(v) = 608*v - 26800. Give g(44).
-48
Let a(q) = 8*q**2 + 274*q + 671. Calculate a(-34).
603
Let v(r) = 261*r - 24851. What is v(103)?
2032
Let a(z) = -54*z**2 + 1067*z + 311. Determine a(22).
-2351
Let m(c) = -669*c - 117760. Give m(-176).
-16
Let l(x) = -3106*x - 2164896. What is l(-697)?
-14
Let x(h) = 13221*h - 594948. Determine x(45).
-3
Let f(m) = -4*m**2 + 81680*m + 8537987. Determine f(-104).
3
Let c(m) = 3*m**3 + 110*m**2 - 2427*m - 83997. Determine c(-39).
9
Let w(r) = 6*r**2 + 1298*r - 542. Calculate w(-216).
-974
Let k(q) = 1530*q + 151473. Give k(-99).
3
Let i(u) = u**2 - 1560*u - 77760. Calculate i(-48).
-576
Let i(w) = 4*w**2 - 318*w - 2055. Give i(88).
937
Let c(b) = 1090*b**2 - 1165*b. Give c(1).
-75
Let q(x) = -2*x**2 - 1789*x - 354007. What is q(-599)?
2
Let l(s) = 4*s**2 - 248*s - 4610. What is l(77)?
10
Let x(q) = 246*q - 10165. Calculate x(43).
413
Let p(s) = s**3 + 37*s**2 + 218*s + 1103. Determine p(-31).
111
Let g(j) = -560*j + 3325. Determine g(6).
-35
Let n(v) = v**2 + 3516*v - 56220. Calculate n(16).
292
Let u(j) = 552*j**3 + j**2 - 15*j + 14. Give u(1).
552
Let r(k) = -3*k**3 + k**2 - 39*k + 407. What is r(8)?
-1377
Let c(z) = -4*z**3 - 470*z**2 + 1205*z + 478. Determine c(-120).
-122
Let i(o) = -233731*o - 11920282. Determine i(-51).
-1
Let m(y) = 3*y**3 - 1082*y**2 + 699*y + 7566. Give m(360).
6
Let r(d) = 213*d - 6483. Determine r(30).
-93
Let m(l) = l**3 - 186*l**2 - 502*l - 12336. Give m(189).
-51
Let k(g) = 153*g + 4389. Give k(-28).
105
Let h(j) = -98*j**2 - 1986*j - 543. What is h(-20)?
-23
Let s(x) = 2*x**3 + 153*x**2 + 540*x - 156. Calculate s(-4).
4
Let z(w) = 9655*w - 28801. Calculate z(3).
164
Let n(i) = -17*i**3 + 1104*i**2 + 137*i - 4709. Give n(65).
-29
Let l(u) = -8*u**3 - 569*u**2 - 1756*u - 197. What is l(-3)?
166
Let l(d) = -d**3 + 86*d**2 - 554*d + 83. What is l(79)?
4
Let r(d) = 379*d - 27153. Determine r(71).
-244
Let z(w) = -10482*w + 73418. Determine z(7).
44
Let s(p) = 236*p + 4920. Give s(-13).
1852
Let j(v) = -v**3 + 39*v**2 + 3518*v + 210. Give j(-43).
554
Let q(d) = 1067*d + 110945. What is q(-104)?
-23
Let m(l) = 4*l**3 + 355*l**2 + 252*l - 1192. Calculate m(-88).
-136
Let l(n) = -n**3 + 250*n**2 - 548*n + 12900. What is l(248)?
4
Let m(x) = -5*x**2 - 2982*x - 32782. Give m(-11).
-585
Let p(w) = 27*w**2 - 6292*w - 6304. Give p(-1).
15
Let j(u) = -1768*u - 19438. Calculate j(-11).
10
Let w(z) = 61*z**3 - 1324*z**2 - 2901*z - 20. Give w(-2).
-2
Let y(g) = 2409*g - 2300619. What is y(955)?
-24
Let m(g) = 2238*g + 2185. Calculate m(-1).
-53
Let m(h) = -432285*h + 432281. Determine m(1).
-4
Let i(d) = -2*d**3 - 91*d**2 - 431*d + 91. What is i(-40)?
-269
Let y(r) = r**3 + 129*r**2 + 3881*r - 318. Determine y(-48).
18
Let q(h) = -3*h**2 - 869*h - 27185. Determine q(-254).
-7
Let l(c) = c**2 + 161*c + 4890. What is l(-73)?
-1534
Let p(w) = -3*w**2 - 483*w + 5126. Determine p(10).
-4
Let l(v) = -v**2 - 3943*v - 23636. What is l(-6)?
-14
Let k(b) = -50368*b + 554069. Give k(11).
21
Let z(d) = -82*d + 2148. Give z(6).
1656
Let n(f) = -134*f - 11021. Determine n(-78).
-569
Let r(w) = 2*w**3 + 15*w**2 + w - 333. Give r(-9).
-585
Let b(h) = h**3 - 25*h**2 - 231*h + 4770. Give b(27).
-9
Let w(p) = 53166*p - 1275897. What is w(24)?
87
Let l(m) = -480*m + 69152. Calculate l(144).
32
Let r(t) = -115*t**2 + 843*t + 11539. What is r(-7)?
3
Let i(m) = 19*m**2 - 2604*m - 24940. Calculate i(-9).
35
Let g(h) = -3*h**3 - 377*h**2 + 120*h - 751. Determine g(-126).
5
Let x(v) = 25*v**2 + 279*v - 62. Determine x(-5).
-832
Let m(o) = 13*o**2 + 896*o - 213. Give m(-69).
-144
Let m(u) = 2042*u + 304436. Determine m(-149).
178
Let c(l) = l**2 - 32717*l - 327118. Give c(-10).
152
Let c(j) = -j**3 - 3*j**2 + 83*j + 696. Calculate c(11).
-85
Let g(a) = a**2 + 91*a - 1340. Give g(12).
-104
Let b(p) = 528*p**2 - 19*p - 17. Determine b(-1).
530
Let b(t) = 204*t - 13557. Give b(66).
-93
Let n(w) = 9*w**2 - 95*w - 383. Calculate n(13).
-97
Let a(z) = -92511*z**2 - 1387658*z + 96. Calculate a(-15).
-9
Let w(t) = -935*t**3 + 5*t**2 + 7*t - 8. Calculate w(1).
-931
Let c(d) = -45521*d - 320402. Calculate c(-7).
-1755
Let z(m) = -636*m - 36908. Determine z(-58).
-20
Let x(r) = -r**3 + 151*r**2 - 3055*r + 316829. Determine x(145).
4
Let a(i) = -i**3 - 13*i**2 + 3572*i + 39492. Give a(-11).
-42
Let t(q) = 806*q - 659. Calculate t(1).
147
Let m(p) = -575*p**2 - 5745*p + 53. Give m(-10).
3
Let y(q) = -q**3 - 59*q**2 + 26*q - 9907. Give y(-62).
13
Let m(u) = 453*u**3 - 2*u**2 - 16*u - 14. Give m(-1).
-453
Let c(i) = -i**3 - 75*i**2 - 46*i + 7102. Calculate c(-73).
-198
Let g(j) = 4744*j + 146659. What is g(-31)?
-405
Let o(p) = -4*p**2 - 615*p - 299. Calculate o(-154).
-453
Let j(x) = -x**2 + 22971*x + 183832. What is j(-8)?
0
Let u(p) = 9*p**3 + 15*p**2 - 53*p - 12. Calculate u(-3).
39
Let c(m) = -m**2 + 49520*m - 643769. Calculate c(13).
-178
Let z(m) = -2*m**3 + 25*m**2 - 99*m - 203. What is z(6)?
-329
Let w(f) = 146*f - 878. Determine w(10).
582
Let z(r) = -3*r**3 - 111*r**2 - 127*r - 700. Determine z(-36).
-16
Let l(w) = 3723*w**3 + 361*w - 362. Calculate l(1).
3722
Let q(f) = -f**3 + 15*f**2 + 318*f - 4829. Calculate q(16).
3
Let n(x) = -19*x**2 + 571*x + 208. Calculate n(32).
-976
Let p(i) = -3547*i - 585116. Calculate p(-165).
139
Let p(i) = 43546*i - 696663. Give p(16).
73
Let x(q) = 6778*q - 121979. Determine x(18).
25
Let f(t) = t**3 - 14*t**2 + 45*t + 1338. Calculate f(-7).
-6
Let p(g) = 21*g**2 - 327*g - 220. Give p(16).
-76
Let x(m) = -14065*m - 10787856. Give x(-767).
-1
Let b(j) = -40986*j + 20. Give b(0).
20
Let q(l) = 21*l**2 + 4448*l + 79873. Give q(-192).
1
Let x(g) = -g**3 + 790*g**2 - 7847*g + 14. What is x(10)?
-456
Let i(v) = v**3 - 106*v**2 - 1949*v - 231. What is i(-16)?
-279
Let t(i) = -i**2 + 3865*i + 69923. What is t(-18)?
29
Let k(s) = s**3 + 54*s**2 + 401*s + 301. Determine k(-9).
337
Let o(w) = -7803*w + 23268. What is o(3)?
-141
Let v(q) = -3389*q - 19787. Determine v(-6).
547
Let c(g) = -162*g**3 + 74*g**2 - 167*g + 19. Calculate c(2).
-1315
Let b(a) = 18*a**3 - 24*a**2 - 116*a - 147. Calculate b(-3).
-501
Let y(k) = k**3 - 188*k**2 + 8547*k - 36. What is y(77)?
-36
Let j(z) = 6286*z - 18868. Determine j(3).
-10
Let k(a) = -6*a**2 - 6923*a + 695736. What is k(93)?
3
Let r(m) = -m**3 - 88*m**2 - 455*m - 1096. Calculate r(-83).
2224
Let s(b) = 18*b**3 - 5*b**2 + 4707*b + 4706. What is s(-1)?
-24
Let f(l) = -289*l + 36291. Give f(153).
-7926
Let o(y) = 219*y**3 + 139*y**2 - 382*y + 5. Determine o(1).
-19
Let j(a) = -a**2 - 20150*a - 3772626. Determine j(-189).
3
Let h(z) = -z**3 - 5*z**2 + 3*z - 295. Give h(-12).
677
Let q(u) = -280*u**2 + 20700*u + 1482. Determine q(74).
2
Let w(m) = -115*m + 9862. Determine w(78).
892
Let j(q) = -q**3 + 5*q**2 + 165*q - 24. Give j(-10).
-174
Let t(x) = -9069*x - 970300. Calculate t(-107).
83
Let h(b) = -b**3 - 148*b**2 - 47*b + 14662. Calculate h(-147).
-38
Let g(b) = b**3 - 5*b**2 - 453*b + 13. Calculate g(24).
85
Let l(q) = -21*q**2 + 190*q. What is l(10)?
-200
Let w(i) = i**3 + 238*i**2 + 51*i + 12384. Calculate w(-238).
246
Let u(w) = 2*w**3 + 13*w**2 - 275*w + 119. Give u(10).
669
Let h(u) = -53*u**2 + 227*u + 107. What is h(6)?
-439
Let w(x) = -333*x**2 - 13988*x - 83. Calculate w(-42).
1
Let m(g) = 440*g - 2581. Calculate m(10).
1819
Let k(m) = -m**2 - 217*m + 55100. Determine k(150).
50
Let k(o) = -7*o**2 + 18*o + 204. Calculate k(-5).
-61
Let i(j) = j**2 - 350*j + 27074. Determine i(133).
-1787
Let a(w) = -3298*w**3 + 398*w**2 - 400*w + 2. What is a(1)?
-3298
Let r(z) = -67*z**2 - 4764*z - 83840. What is r(-32)?
0
Let o(k) = -682*k - 1083. Calculate o(-2).
281
Let c(l) = 95*l**2 - 2380*l - 4762. Give c(-2).
378
Let o(l) = l**3 + 92*l**2 + 255*l - 1082. What is o(-89)?
-14
Let u(n) = -n**3 + 109*n**2 + 447*n - 2